**2 - 4. Let y = -162 + 168. Determine f(y).
-4
Suppose 2*l - 4 = 2. Let n(w) = w - w**3 - 3*w**3 + 3*w**l. Suppose -3*h - 3*i - 6 = 0, -5*i - 4 = -3*h + 22. Determine n(h).
-6
Let z(o) = 9 + 13 - 38 + o + 9. Give z(9).
2
Let l(d) = -d**3 - d**2 + 7*d. Let r be l(0). Let o(b) be the third derivative of 1/60*b**5 + 0*b - 1/120*b**6 - 8*b**2 + 0 - 1/6*b**3 + r*b**4. Determine o(0).
-1
Let l(g) be the third derivative of g**4/12 + 5*g**3/3 + 3*g**2 - 5*g. Calculate l(-6).
-2
Suppose -w = 2*i + 2*i - 24, 0 = i - 5*w + 15. Let z(q) = 0 + 1 - q**3 + q + 3*q**2 - i + 2*q. Let b(p) = -p**2 + 20*p + 3. Let c be b(20). Determine z(c).
5
Let l(u) = -5*u**2 - 15*u - 2. Let h(q) = q**2 + q + 1. Let v(n) = 4*h(n) + l(n). Determine v(-12).
-10
Let r(z) = 4*z - 13. Let f(x) = 14*x - 40. Let d(h) = -3*f(h) + 10*r(h). Calculate d(7).
-24
Let n = -9 + 13. Suppose f + 2*f = 0. Let j(q) = n - 6 + f*q - 2*q + 2*q**2. Determine j(2).
2
Let f(b) = b**3 + 10*b**2 - b - 3. Suppose -2*w = -w + 2*d + 8, 0 = 2*d - 2. Give f(w).
7
Let k be (-2)/(-2)*(-12)/2. Let t(f) be the third derivative of f**6/120 + 7*f**5/60 + f**4/4 - f**3 + 17*f**2 + 1. Determine t(k).
-6
Let h(m) be the first derivative of 2*m**3/3 - m**2/2 + m - 3365. Suppose 0 = 2*c - c - 1. Determine h(c).
2
Let d(u) be the first derivative of -2*u**3/3 + 5*u**2/2 - 4*u - 5626. Let m(q) = q**2 + 5*q - 3. Let c be m(-6). Calculate d(c).
-7
Let b(h) = 2*h**2 - 28*h + 8. Let l(r) = -5*r. Let v(g) = -b(g) + 3*l(g). Calculate v(7).
-15
Suppose -h + 13 = -0*s + s, 0 = -2*s - 4*h + 18. Let i(t) = 21*t - s*t + 3 - 4*t**2 - t**2 + 4*t**2. Determine i(4).
3
Let o(a) be the second derivative of -a**5/20 - a**3/6 - 5*a**2 - 107*a. Determine o(0).
-10
Let y(u) be the second derivative of -22*u**3 + 77*u**2/2 + 4*u. Let r(w) = 7*w - 4. Let d(z) = -77*r(z) - 4*y(z). Give d(1).
-11
Let p(u) be the first derivative of -u**5/120 - 7*u**4/24 - 6*u**3 - 19. Let r(k) be the third derivative of p(k). Give r(-4).
-3
Let z(d) = -d**2 - d - 2. Suppose -17*v + 2*v = -60. Let o(f) = 6*f**3 + f - 1. Let q be o(1). Suppose -r - v = -q. What is z(r)?
-8
Let n(f) = -f**2 + 8*f + 11. Let x be n(9). Let t(z) = -6*z**x + 45*z - 6 + 0*z**2 - 41*z - z**3. What is t(-7)?
15
Let u be 1 - 3*(-1)/(12/(-20)). Let y(r) = -r**3 - 3*r**2 + 2*r + 3. Calculate y(u).
11
Let y(r) be the third derivative of -r**6/120 + r**5/12 - r**3/6 + 31*r**2. Let q = 9 - 10. Let k = 6 + q. Determine y(k).
-1
Let q(b) = b + 1. Let a(h) = -25*h**3 + h**2 + 3*h + 2. Let x(r) = a(r) - 2*q(r). What is x(-1)?
25
Let a be 0 + 3 + 0 + -3. Suppose a = -4*g + 5*g - 1. Suppose -5*b + 0*b = 4*f, -b + g = f. Let v(i) = -i + 3. Give v(f).
-2
Let k(p) be the third derivative of p**5/15 + p**4/24 - p**3/6 - p**2 + 3*p - 33. Suppose -4*q = -q - 3. Give k(q).
4
Let j be 90/18*(-32)/10. Let m(l) = l**3 + 15*l**2 - 15*l + 17. Let v be m(j). Let c(w) = 3*w**2 + 1. Determine c(v).
4
Let f be (-13 - -1)/(7 - 5). Let i(c) = -c - 2. Give i(f).
4
Let c be 171/(-19)*(-15)/9. Let h(s) = -s**3 + 16*s**2 - 15*s - 3. What is h(c)?
-3
Let n(s) be the first derivative of s**7/840 + s**6/60 + s**5/120 - s**4/24 + 4*s**3 - 1. Let t(r) be the third derivative of n(r). Give t(-6).
-7
Let z(k) = -893 + k + 450 + 442. Give z(-1).
-2
Let g(k) be the third derivative of -k**6/720 + 13*k**5/120 - k**4/24 - 16*k**2. Let x(p) be the second derivative of g(p). Give x(0).
13
Suppose -2*w = -2*g, -g - w = -0*g. Let m = 9 + -6. Let a(k) = 2*k + 3 + k**3 - 2*k**3 - m*k**2 - k**2 + g*k**2. Calculate a(-3).
-12
Let o(d) be the second derivative of -d**3/3 + 13*d**2/2 - 7*d. Let n be o(5). Let c(a) = a**2 + 2 + 4 - 5*a - 3 + 1. What is c(n)?
-2
Suppose c + 3*c = -d + 12, 3*c + 5*d - 26 = 0. Let l be c*2/(-3 - 1). Let f be (-3 - l)*1/(-2). Let h(y) = y - 1. Give h(f).
0
Let m(r) be the first derivative of -r**4/24 + r**3/3 + 21*r**2/2 - 29. Let y(h) be the second derivative of m(h). Determine y(-5).
7
Let s(q) = -7*q**2 + 9*q - 8. Let v(n) = -4*n**2 + 4*n - 4. Let r be 2 + (-3 + 19)/(-4). Let l be (r/4)/(5/50). Let x(t) = l*v(t) + 3*s(t). Determine x(3).
8
Let y be 4/6 - (1 + 28/(-12)). Let d(t) be the first derivative of 2*t**3/3 + t + 12. Give d(y).
9
Let f = 10 + 2. Let w(j) = 2*j**2 + f*j + 4 - 7 + 4. Let p be w(-6). Let k(c) = -9*c + 1. Determine k(p).
-8
Let z(o) = o**2 - o + 9. Let k(g) = 2*g**2 + 14. Let t(s) = 3*k(s) - 5*z(s). Give t(-6).
3
Let i = -48 + 51. Let l(p) = -24*p**2 + 15*p**2 - i + 11*p**2. Determine l(3).
15
Let d be ((-42)/70)/(1/10). Let v be (1 - (-3)/(-2))*2. Let a = d - v. Let n(t) = t**3 + 4*t**2 - 5*t + 1. What is n(a)?
1
Let y(c) = -3*c - 1. Let h = -59 - -74. Let t be ((4 - 4) + h)*2/(-6). What is y(t)?
14
Let o(r) = r + 55. Let x be ((-5)/1)/5*0/1. Calculate o(x).
55
Suppose 3*p + 13 = w + 3, 4*w + 5*p = -28. Let m(i) be the third derivative of -i**6/120 - i**5/60 + i**4/24 + i**3/3 - 4*i**2. Give m(w).
4
Let p(d) = 3*d + 12. Let c = -40 + 30. Calculate p(c).
-18
Let m(q) be the third derivative of -20 + 1/6*q**3 + 1/24*q**4 - 2*q**2 + 0*q. Calculate m(-1).
0
Let a(b) = 5*b**3 + 13*b**2 - 9*b - 4. Let t(l) = l**3 + 2*l**2 - l + 1. Let h(d) = -a(d) + 4*t(d). Give h(-5).
-17
Let g(y) = -y + 1. Let c(r) = -r**2 + 9*r - 2. Let f(u) = -c(u) + 2*g(u). Let z(w) = w + 19. Let s be z(-9). Give f(s).
-6
Suppose -3*n + 14 = -n. Suppose 4*t - 3 + n = 0. Let s(d) be the first derivative of -11*d**2/2 - 7. Give s(t).
11
Let k(j) = 2*j - 5. Let d be k(9). Let z(n) = 5*n**2 + 7*n - 11. Let o(v) = 11*v**2 + 15*v - 23. Let a(b) = d*z(b) - 6*o(b). Determine a(0).
-5
Suppose -3*r + 5*p + 8 = 0, -570*r - 24 = -575*r + 3*p. Let t(d) = -d**3 - 6*d**2 + 8. Let w(m) = m**3 + m. Let j(l) = -t(l) - 2*w(l). Determine j(r).
-20
Let x(l) be the second derivative of l**5/20 + 3*l**4/4 - 11*l**3/6 + l**2/2 + 29*l + 1. Give x(-10).
11
Let v(i) be the first derivative of i**3/3 - 3*i**2 - 10*i + 4. Suppose 0 = 56*c - 59*c + 21. What is v(c)?
-3
Let j(p) be the second derivative of -p**5/60 - p**4/24 - p**3/6 + 8*p. Let h(t) be the second derivative of j(t). Let r = 6 - 12. What is h(r)?
11
Let r(q) = 1 + 3*q - 951*q**2 + 952*q**2 - 3. Give r(3).
16
Suppose 6 = 1050*q - 1048*q. Let b be -1 + (-2)/3*-6. Let y(n) = -5*n**2 + n**3 - q - b + 3 + 4*n. Determine y(4).
-3
Let x be 2 + -2 + (1 - -6) + -12. Let y(n) = -n**3 - 4*n**2 + 4*n - 1. Calculate y(x).
4
Let r(j) be the second derivative of -j**4/24 + 2*j**3/3 - 5*j**2/2 + 23*j. Let a(y) be the first derivative of r(y). Determine a(-3).
7
Let k(a) be the second derivative of a**5/4 + a**4/2 - 4*a**3/3 - 3*a. Let h(q) = 14*q**3 + 17*q**2 - 23*q. Let c(o) = 6*h(o) - 17*k(o). Determine c(-2).
12
Let k(m) = -m**3 - m**2 + 2*m. Let s be k(-2). Suppose i = u - 1, -3*i + 12 = 4*u + 1. Let b(v) = 6*v - v + 1 + s - v**u + 3*v. Give b(7).
8
Let s = -60 + 60. Let j(t) = -6*t**3 + 0*t**3 + 1 + 7*t**3. Calculate j(s).
1
Let k(m) = -m**2 - 21*m + 72. Let s be k(-24). Let a(c) be the second derivative of -c**2 - 1/3*c**3 - 2*c + s. Give a(5).
-12
Let y be (-1)/(-4)*(-1)/((-1)/20). Let x(w) = w**3 - w - 1. Let s(i) = 4*i**2 + 6*i - 5. Suppose -7*d + 4*d = 3. Let z(q) = d*s(q) + x(q). Determine z(y).
-6
Suppose 328*m = 329*m + 6. Let t(p) = p**3 + 6*p**2 + 1. Give t(m).
1
Let f(z) = 0 + 0 - 2*z. Let y(i) = 4*i**2 - 204*i - 205. Let n be y(52). What is f(n)?
-6
Let a = 40 + -37. Suppose -2*z + k + 1 = -a*z, -12 = 3*k. Let j(f) = -4*f. What is j(z)?
-12
Let w(s) = s**3 + 11*s**2 + 9*s - 15. Suppose -24 = 3*o + 2*c, -4*o + 6*o + 5*c = -5. Give w(o).
-5
Let k(q) be the second derivative of q**5/20 + 7*q**4/12 + q**3 + q**2 - 28*q. Determine k(-4).
26
Let j(n) = n. Let x = 26 + -18. Suppose x*p = p - 42. Calculate j(p).
-6
Let x = -33 - -39. Let h be 2 - x - (-1 + 2). Let f(c) = c**2 + 5*c - 6. Calculate f(h).
-6
Suppose 4*z - 92 = -3*f, -4*z - 2*f + 96 = 2*f. Let i(t) = z - 4*t**3 + 11*t**3 - 6*t**3 + t. Determine i(0).
20
Let l(o) = -116*o**2 - 6 + 98*o**2 + 23*o**2 - 3*o - o**3. Determine l(3).
3
Let f(d) = d. Let n(o) be the third derivative of o**5/60 + 7*o**4/24 - o**3/3 - 16*o**2. Let r(c) = -5*f(c) + n(c). Calculate r(-3).
1
Let n = 12 + -8. Suppose -n = -y - s, 0 = -s - 4*s + 20. Let u(a) be the second derivative of a**5/20 + a**4/12 + a**3/6 + 4*a**2 - 2*a. Determine u(y).
8
Suppose 0 